{"id":219,"date":"2025-02-28T18:33:05","date_gmt":"2025-02-28T18:33:05","guid":{"rendered":"https:\/\/blupapsjourney.hr\/?post_type=product&#038;p=219"},"modified":"2025-03-29T18:41:01","modified_gmt":"2025-03-29T18:41:01","slug":"za-tebe","status":"publish","type":"product","link":"https:\/\/blupapsjourney.hr\/?product=za-tebe","title":{"rendered":"ZA TEBE"},"content":{"rendered":"<p>Zbirka kratkih pri\u010da ZA TEBE je skup pri\u010da koje opisuju osje\u0107aje koje jedna osoba mo\u017ee gajiti prema drugoj osobi. Ova zbirka kratkih pri\u010da opisuje osje\u0107aje u kojima se svi mogu prona\u0107i. Osje\u0107aje koji nikada ne nestaju.<\/p>\n","protected":false},"excerpt":{"rendered":"<p>Zbirka kratkih pri\u010da ZA TEBE je skup pri\u010da koje opisuju osje\u0107aje koje jedna osoba mo\u017ee gajiti prema drugoj osobi. Ova zbirka kratkih pri\u010da opisuje osje\u0107aje u kojima se svi mogu prona\u0107i. Osje\u0107aje koji nikada ne nestaju.<\/p>\n","protected":false},"featured_media":546,"comment_status":"open","ping_status":"closed","template":"","meta":[],"product_brand":[],"product_cat":[21,28],"product_tag":[],"class_list":{"0":"post-219","1":"product","2":"type-product","3":"status-publish","4":"has-post-thumbnail","6":"product_cat-pdf-knjige","7":"product_cat-sve-knjige","9":"first","10":"instock","11":"virtual","12":"taxable","13":"purchasable","14":"product-type-simple"},"_links":{"self":[{"href":"https:\/\/blupapsjourney.hr\/index.php?rest_route=\/wp\/v2\/product\/219","targetHints":{"allow":["GET"]}}],"collection":[{"href":"https:\/\/blupapsjourney.hr\/index.php?rest_route=\/wp\/v2\/product"}],"about":[{"href":"https:\/\/blupapsjourney.hr\/index.php?rest_route=\/wp\/v2\/types\/product"}],"replies":[{"embeddable":true,"href":"https:\/\/blupapsjourney.hr\/index.php?rest_route=%2Fwp%2Fv2%2Fcomments&post=219"}],"wp:featuredmedia":[{"embeddable":true,"href":"https:\/\/blupapsjourney.hr\/index.php?rest_route=\/wp\/v2\/media\/546"}],"wp:attachment":[{"href":"https:\/\/blupapsjourney.hr\/index.php?rest_route=%2Fwp%2Fv2%2Fmedia&parent=219"}],"wp:term":[{"taxonomy":"product_brand","embeddable":true,"href":"https:\/\/blupapsjourney.hr\/index.php?rest_route=%2Fwp%2Fv2%2Fproduct_brand&post=219"},{"taxonomy":"product_cat","embeddable":true,"href":"https:\/\/blupapsjourney.hr\/index.php?rest_route=%2Fwp%2Fv2%2Fproduct_cat&post=219"},{"taxonomy":"product_tag","embeddable":true,"href":"https:\/\/blupapsjourney.hr\/index.php?rest_route=%2Fwp%2Fv2%2Fproduct_tag&post=219"}],"curies":[{"name":"wp","href":"https:\/\/api.w.org\/{rel}","templated":true}]}}